ate the highest common factor of i and f.
24
Let r(z) = -z - 1. Let c be r(-6). Let l be (-3)/(15/50*-2). Calculate the highest common factor of c and l.
5
Let d(i) = -8*i - 16. Suppose 0 = -3*n, 3*m + 24 = -0*m - 2*n. Let h be d(m). What is the greatest common divisor of 16 and h?
16
Suppose 0 = -5*i + 2 + 18. Let n be (24/(-10))/((-4)/(-80)*-4). Suppose 2*d = -2*w + 8, -i*w + 2 = 2*d - n. Calculate the greatest common factor of 3 and w.
3
Suppose 0 = -12*k + 7*k. Suppose k*w + 5*w - 120 = 0. Calculate the greatest common divisor of 18 and w.
6
Suppose 160 = -g - 44. Let a = g + 344. What is the greatest common factor of a and 20?
20
Let m be (-26)/91 + 1180/14. Calculate the greatest common divisor of m and 21.
21
Let j(v) = 14*v**2 - 279*v - 8. Let h be j(20). What is the highest common divisor of h and 498?
6
Let a(k) = -7*k + 46. Let x be a(10). Let s = 48 + x. Calculate the greatest common divisor of s and 96.
24
Let m be 9/4*(-8)/(-2). Let t(k) = 8*k**3 - 24*k**2 - 2*k + 7. Let j be t(3). What is the greatest common divisor of m and j?
1
Let d(h) = -5*h - 2. Let p be d(-2). Let x = 23 - p. Suppose 8*j = 9*j - 165. What is the highest common factor of x and j?
15
Let w(v) = 14*v**3 + 5*v**2 + 12*v - 15. Let q be w(5). Calculate the highest common divisor of 30 and q.
30
Let i(o) = -o**2 + 11*o + 91. Let k be i(16). Let h(r) = r**2 - 4*r - 4. Let w be h(5). Let a = 2 - w. Calculate the greatest common factor of a and k.
1
Let n = 15 - 9. Let a be (-4)/((n/(-9))/((-4)/(-12))). Let y = -5 + 15. Calculate the highest common divisor of y and a.
2
Let h(m) = m**3 + m**2 + m + 18. Let r be h(0). Suppose -3*o - 679 = 119. Let t = o + 392. Calculate the highest common factor of t and r.
18
Let o(t) = 1. Let k(a) = -a + 10. Let x(s) = k(s) - 4*o(s). Let v be x(-4). Calculate the greatest common factor of 40 and v.
10
Suppose -u = -4*w - 90, -4*u - 39 = 5*w + 63. Let t = 67 + w. What is the greatest common divisor of t and 3?
3
Suppose -2 + 7 = s. Suppose -4*d = q - 2, s*q - d - 10 = -2*d. Suppose 0 = -0*u + q*u - 110. What is the highest common factor of u and 11?
11
Suppose 7*u - 8*u = 5. Let n be (-511)/(-3) - u*5/(-75). What is the highest common factor of n and 68?
34
Suppose -7*j = -12*j - 120. Let t be 9/(-6)*j/(-2). Let m = t + 22. Calculate the highest common factor of m and 28.
4
Let u(p) = 11*p**2 - 45*p + 7. Let y be u(8). Calculate the greatest common divisor of 27 and y.
27
Suppose 15*o = 10*o + 1640. Suppose -3*z + 254 = q, -4*z + 3*q + 15 + o = 0. Calculate the highest common factor of z and 17.
17
Suppose -2*g + 2*t = -230, 0 = 4*g - 8*t + 7*t - 451. What is the highest common divisor of g and 80?
16
Suppose -1984 = -3*m - 2*v, -12 = -3*v + 3. What is the greatest common factor of 14 and m?
14
Suppose s - 49 = 123. Calculate the highest common divisor of 258 and s.
86
Let k(h) = -6*h + h + 0*h - 2*h + 1. Let y be k(-1). Let t = 20 - 4. What is the greatest common divisor of t and y?
8
Suppose -92 + 48 = -4*i. Suppose 3*s - 15 = 0, 4*h = -s - s + 494. Calculate the highest common factor of i and h.
11
Let z(j) = 2*j**2 - 5*j + 9. Let q be z(-5). Calculate the highest common factor of 714 and q.
42
Suppose -38 = 4*m - 6*m. Let x = -51 - -81. Let u be 186/10 - (-12)/x. Calculate the greatest common divisor of u and m.
19
Let z be -3 - -1 - (-2 - 90). Suppose -4*f = -5*r - 123, -3*f = r - 2*f + 30. Let b = -18 - r. Calculate the highest common factor of b and z.
9
Let n = 368 + -339. What is the highest common divisor of n and 29?
29
Let u be 4/14 + 6/(-84)*-2236. Suppose -4*x - 5*h = -u, -5*x - 3*h + 200 = -0*x. Calculate the greatest common divisor of 10 and x.
10
Suppose 0 = -5*c + 18 - 3. Suppose l = -0*l + 3, c*l - 6 = a. Suppose 3*u - 4*d = 56, 3*d = -u - a*u + 33. What is the greatest common factor of 12 and u?
12
Let j = 1155 - 705. What is the greatest common factor of 18 and j?
18
Suppose -5*d = -25, -30 = -5*y + 2*d - 4*d. Let x be (-30 - 0)/((-3)/2). Calculate the greatest common factor of x and y.
4
Let c = 302 + -158. Suppose 0 = b - 4*b + c. Suppose 0*r + 2*n - 32 = -2*r, 3*n = 3*r - b. What is the highest common factor of r and 8?
8
Let h(g) = -g + 18. Let i be h(12). Let a(f) = -f**3 - 3*f**2 - 2*f + 2. Let w be a(-2). Calculate the greatest common divisor of w and i.
2
Let g(n) = 7*n**3 - 2*n**2 + 2*n - 9. Suppose 2*q = q + 3. Let w be g(q). What is the greatest common factor of 48 and w?
24
Suppose 12 = 4*k, 2*w + 5*k - 26 = 3*k. What is the highest common factor of w and 115?
5
Let w = 30 - 20. Let t = 17 - w. Suppose -t*p + 39 = -4*p. Calculate the greatest common factor of 13 and p.
13
Let z(x) = x**3 - x**2 + 2*x + 217. Let f be z(0). Calculate the greatest common factor of 403 and f.
31
Suppose -4*t - a = -4*a - 520, 3*t + 3*a = 390. Let i be 8/48 + 154/12. Calculate the highest common divisor of t and i.
13
Let c = 30 - 58. Let s = 34 + c. Calculate the highest common divisor of s and 18.
6
Let n = -154 - -481. Let q = 503 - n. Calculate the greatest common divisor of q and 16.
16
Suppose 87*o - 33*o - 9936 = 0. What is the greatest common factor of 64 and o?
8
Suppose -386*j + 385*j + 81 = 0. Calculate the highest common divisor of 108 and j.
27
Suppose -4*h - n = -1963, h - 2*h + 505 = 5*n. Suppose 6*i + h = 4*i. Let d be 3/9 - i/21. What is the greatest common divisor of d and 24?
12
Suppose 0 = 2*s + 10 - 20. Suppose -11*o + s*o + 156 = 0. Calculate the greatest common factor of o and 117.
13
Suppose 0 = -149*l + 147*l + 8. Suppose -g = g - 4. Suppose 0*m - g*m + 72 = 0. Calculate the highest common divisor of l and m.
4
Let n be ((-9)/4)/(3/(-24)). Let c be (-9)/n + (-31)/(-2). Suppose 6*x - 57 + c = 0. Calculate the highest common factor of x and 35.
7
Let q = -4 - -16. Suppose -6*j - 30 + 0 = 0. Let z(k) = -k**3 - 5*k**2 - 4*k + 10. Let o be z(j). Calculate the highest common divisor of o and q.
6
Suppose 1706 = 13*x - 2493. What is the highest common factor of 19 and x?
19
Let s be -1 - ((-75)/(-3))/(-5). Suppose s = y - 23. What is the greatest common divisor of y and 9?
9
Let s be (-8)/(-4) + 2 - -140. Let b be (-1*3)/((-3)/18). Calculate the highest common divisor of s and b.
18
Suppose 173 - 57 = 4*d. Let p = 32 - d. What is the greatest common factor of 27 and p?
3
Let p = 129 + -71. What is the greatest common divisor of 4 and p?
2
Let y(z) = -15*z - 107. Let m be y(-21). Calculate the highest common factor of 26 and m.
26
Let j(n) = -27*n + 23. Let r be j(-7). Let t = -127 + r. Calculate the highest common divisor of t and 34.
17
Let f(c) = c**3 + 12*c**2 + 12*c + 6. Let z be f(-11). Let p be ((-222)/(-4))/(z/(-10)). What is the greatest common factor of 74 and p?
37
Suppose -7*g = -6*g. Suppose g*x - z = -2*x + 37, 3*z = -x + 29. Let i be (-10)/(-15) + x/6. Calculate the highest common factor of 10 and i.
2
Suppose -2*a - 4 = -4*a, -4*a = -l - 350. Let i be l/(-45) - (-4)/10. Let h be i/3 + (-28)/42. What is the highest common divisor of 18 and h?
2
Suppose -4*f = -140 - 68. Let h be ((-15)/15)/((-2)/f). Calculate the highest common factor of 65 and h.
13
Suppose -2*t - 66 = -5*q, 22 - 4 = 2*q - 5*t. Let a(s) = -7*s**2 - 2 + 6*s**2 + 4 + 7*s + s. Let f be a(6). What is the greatest common divisor of q and f?
14
Let p(b) = 3*b**2 + 19*b - 12. Let r be p(6). What is the highest common factor of 189 and r?
21
Let k(j) = -j + 9. Let s be k(8). Suppose -11 = 4*c - t, c - 18 = 6*c + 3*t. Let w be -1 - s*6/c. Calculate the highest common factor of w and 2.
1
Suppose -3*c - 3*q + 726 = 0, 2*c - 2*q - 296 - 188 = 0. Let y(u) = -u**2 + 10*u + 6. Let b be y(8). What is the highest common factor of b and c?
22
Let q = 32 + -77. Let s = q + 55. Suppose -2*u + 270 = u. What is the greatest common factor of u and s?
10
Let x be (32 - -1)*(-11)/(-3). Suppose -45 = -5*f + 4*p, -f + 5 = 4*f + 4*p. Suppose f*j - 77 = -2*j. What is the highest common divisor of x and j?
11
Let w be 36 - (-15)/(15/13). Let i(v) = -73*v + 3. Let r be i(-6). What is the greatest common divisor of w and r?
49
Suppose 2*u = 14*u - 300. What is the greatest common divisor of u and 35?
5
Let a(j) = -j**2 + 45*j - 226. Let i be a(6). Calculate the highest common divisor of i and 158.
2
Let f(r) = r**3 - 7*r**2 - r - 3. Let m be f(9). 